{"id":5798,"date":"2022-01-31T16:45:58","date_gmt":"2022-01-31T15:45:58","guid":{"rendered":"https:\/\/flora.insure\/?page_id=5798"},"modified":"2023-06-28T10:32:00","modified_gmt":"2023-06-28T08:32:00","slug":"affiche-appartement-a-louer","status":"publish","type":"page","link":"https:\/\/flora.insure\/fr\/modeles-documents\/affiche-appartement-a-louer\/","title":{"rendered":"Affiche appartement \u00e0 louer"},"content":{"rendered":"","protected":false},"excerpt":{"rendered":"","protected":false},"author":4,"featured_media":0,"parent":5561,"menu_order":1,"comment_status":"closed","ping_status":"closed","template":"template.dynamic-page.php","meta":{"_acf_changed":false,"_seopress_robots_primary_cat":"","_seopress_titles_title":"Affiche appartement \u00e0 louer \u2022 Mod\u00e8le affiche \u2022 Flora by Ethias","_seopress_titles_desc":"Appartement \u00e0 louer ? T\u00e9l\u00e9charge gratuitement notre mod\u00e8le d&#039;affiche \u00e0 imprimer ! ","_seopress_robots_index":"","footnotes":""},"class_list":["post-5798","page","type-page","status-publish","hentry"],"acf":[],"_links":{"self":[{"href":"https:\/\/flora.insure\/fr\/wp-json\/wp\/v2\/pages\/5798","targetHints":{"allow":["GET"]}}],"collection":[{"href":"https:\/\/flora.insure\/fr\/wp-json\/wp\/v2\/pages"}],"about":[{"href":"https:\/\/flora.insure\/fr\/wp-json\/wp\/v2\/types\/page"}],"author":[{"embeddable":true,"href":"https:\/\/flora.insure\/fr\/wp-json\/wp\/v2\/users\/4"}],"replies":[{"embeddable":true,"href":"https:\/\/flora.insure\/fr\/wp-json\/wp\/v2\/comments?post=5798"}],"version-history":[{"count":0,"href":"https:\/\/flora.insure\/fr\/wp-json\/wp\/v2\/pages\/5798\/revisions"}],"up":[{"embeddable":true,"href":"https:\/\/flora.insure\/fr\/wp-json\/wp\/v2\/pages\/5561"}],"wp:attachment":[{"href":"https:\/\/flora.insure\/fr\/wp-json\/wp\/v2\/media?parent=5798"}],"curies":[{"name":"wp","href":"https:\/\/api.w.org\/{rel}","templated":true}]}}

Affiche appartement à louer

Affiche appartement à louer • Modèle affiche • Flora by Ethias

Appartement à louer ? Télécharge gratuitement notre modèle d&#039;affiche à imprimer !
