{"id":18711,"date":"2023-06-28T10:29:51","date_gmt":"2023-06-28T08:29:51","guid":{"rendered":"https:\/\/flora.insure\/?page_id=18711"},"modified":"2023-08-07T15:03:12","modified_gmt":"2023-08-07T13:03:12","slug":"modele-reprise-energie-renouvelable","status":"publish","type":"page","link":"https:\/\/flora.insure\/fr\/modeles-documents\/modele-reprise-energie-renouvelable\/","title":{"rendered":"Mod\u00e8le Reprise des \u00e9nergies renouvelables"},"content":{"rendered":"","protected":false},"excerpt":{"rendered":"","protected":false},"author":27,"featured_media":0,"parent":5561,"menu_order":8,"comment_status":"closed","ping_status":"closed","template":"template.dynamic-page.php","meta":{"_acf_changed":false,"_seopress_robots_primary_cat":"","_seopress_titles_title":"Formulaire Reprises des \u00e9nergies renouvelables - Document  %%currentyear%%","_seopress_titles_desc":"T\u00e9l\u00e9charge le formulaire de reprise des \u00e9nergies renouvelables en Belgique ! C&#039;est par ici que \u00e7a se passe ! \u2705","_seopress_robots_index":"","footnotes":""},"class_list":["post-18711","page","type-page","status-publish","hentry"],"acf":[],"_links":{"self":[{"href":"https:\/\/flora.insure\/fr\/wp-json\/wp\/v2\/pages\/18711","targetHints":{"allow":["GET"]}}],"collection":[{"href":"https:\/\/flora.insure\/fr\/wp-json\/wp\/v2\/pages"}],"about":[{"href":"https:\/\/flora.insure\/fr\/wp-json\/wp\/v2\/types\/page"}],"author":[{"embeddable":true,"href":"https:\/\/flora.insure\/fr\/wp-json\/wp\/v2\/users\/27"}],"replies":[{"embeddable":true,"href":"https:\/\/flora.insure\/fr\/wp-json\/wp\/v2\/comments?post=18711"}],"version-history":[{"count":0,"href":"https:\/\/flora.insure\/fr\/wp-json\/wp\/v2\/pages\/18711\/revisions"}],"up":[{"embeddable":true,"href":"https:\/\/flora.insure\/fr\/wp-json\/wp\/v2\/pages\/5561"}],"wp:attachment":[{"href":"https:\/\/flora.insure\/fr\/wp-json\/wp\/v2\/media?parent=18711"}],"curies":[{"name":"wp","href":"https:\/\/api.w.org\/{rel}","templated":true}]}}

Modèle Reprise des énergies renouvelables

Formulaire Reprises des énergies renouvelables - Document  %%currentyear%%

Télécharge le formulaire de reprise des énergies renouvelables en Belgique ! C&#039;est par ici que ça se passe ! ✅
